{"id":38442,"date":"2023-10-02T14:40:12","date_gmt":"2023-10-02T12:40:12","guid":{"rendered":"https:\/\/ludwigforum.de\/?post_type=tribe_events&#038;p=38442"},"modified":"2023-10-02T15:29:14","modified_gmt":"2023-10-02T13:29:14","slug":"matinee-with-conversation-and-book-release","status":"publish","type":"tribe_events","link":"https:\/\/ludwigforum.de\/en\/event\/matinee-with-conversation-and-book-release\/","title":{"rendered":"Matin\u00e9e with Conversation and Book Release"},"content":{"rendered":"\t\t<div data-elementor-type=\"wp-post\" data-elementor-id=\"38442\" class=\"elementor elementor-38442\" data-elementor-post-type=\"tribe_events\">\n\t\t\t\t\t\t<section class=\"elementor-section elementor-top-section elementor-element elementor-element-6527dc1 elementor-section-boxed elementor-section-height-default elementor-section-height-default\" data-id=\"6527dc1\" data-element_type=\"section\" data-e-type=\"section\">\n\t\t\t\t\t\t<div class=\"elementor-container elementor-column-gap-default\">\n\t\t\t\t\t<div class=\"elementor-column elementor-col-100 elementor-top-column elementor-element elementor-element-3369c60\" data-id=\"3369c60\" data-element_type=\"column\" data-e-type=\"column\">\n\t\t\t<div class=\"elementor-widget-wrap elementor-element-populated\">\n\t\t\t\t\t\t<div class=\"elementor-element elementor-element-0d1e4fa elementor-widget elementor-widget-text-editor\" data-id=\"0d1e4fa\" data-element_type=\"widget\" data-e-type=\"widget\" data-widget_type=\"text-editor.default\">\n\t\t\t\t<div class=\"elementor-widget-container\">\n\t\t\t\t\t\t\t\t\t<p>We cordially invite you a matin\u00e9e with a conversation and book release with the artist and the co-curators.<\/p><p><em><strong>Katalin Ladik. Ooooooooo-pus<\/strong><br \/>A <\/em>monograph published by Skira Editore, Milan, accompanies the exhibition. The publication comprises contributions by Pierre Bal-Blanc, Diedrich Diederichsen, Hendrik Folkerts, Irena Haiduk, Fanny Hauser, Ana Janevski, Emese K\u00fcrti, Katalin Ladik, Quinn Latimer, Bhavisha Panchia, Dieter Roelstraete, Gloria Sutton, Sarah Johanna Theurer, Paolo Thorsen-Nagel, and M\u00f3nica de la Torre as well as a director\u2019s foreword by Eva Birkenstock, Gra\u017cyna Kulczyk, Andrea Lissoni and Gitte \u00d8rskou. The publication is co-produced by Haus der Kunst M\u00fcnchen, Moderna Museet, Stockholm, Ludwig Forum Aachen, and Muzeum Susch, with support from acb gallery, Budapest and Kontakt Collection, Vienna.<br \/><a href=\"https:\/\/ludwigforum.de\/en\/museum\/publications\/\">More information<\/a><\/p>\t\t\t\t\t\t\t\t<\/div>\n\t\t\t\t<\/div>\n\t\t\t\t\t<\/div>\n\t\t<\/div>\n\t\t\t\t\t<\/div>\n\t\t<\/section>\n\t\t\t\t<section class=\"elementor-section elementor-top-section elementor-element elementor-element-78ec186 elementor-section-boxed elementor-section-height-default elementor-section-height-default\" data-id=\"78ec186\" data-element_type=\"section\" data-e-type=\"section\">\n\t\t\t\t\t\t<div class=\"elementor-container elementor-column-gap-default\">\n\t\t\t\t\t<div class=\"elementor-column elementor-col-100 elementor-top-column elementor-element elementor-element-973e33d\" data-id=\"973e33d\" data-element_type=\"column\" data-e-type=\"column\">\n\t\t\t<div class=\"elementor-widget-wrap elementor-element-populated\">\n\t\t\t\t\t\t\t<\/div>\n\t\t<\/div>\n\t\t\t\t\t<\/div>\n\t\t<\/section>\n\t\t\t\t<\/div>\n\t\t","protected":false},"excerpt":{"rendered":"<p>We cordially invite you a matin\u00e9e with a conversation and book release with the artist and the co-curators. Katalin Ladik. Ooooooooo-pusA monograph published by Skira Editore, Milan, accompanies the exhibition. [&hellip;]<\/p>\n","protected":false},"author":17,"featured_media":0,"template":"","meta":{"_acf_changed":false,"_lmt_disableupdate":"no","_lmt_disable":"","_tribe_events_status":"","_tribe_events_status_reason":"","footnotes":""},"tags":[],"tribe_events_cat":[16],"class_list":["post-38442","tribe_events","type-tribe_events","status-publish","hentry","tribe_events_cat-event","cat_event"],"acf":[],"_links":{"self":[{"href":"https:\/\/ludwigforum.de\/en\/wp-json\/wp\/v2\/tribe_events\/38442","targetHints":{"allow":["GET"]}}],"collection":[{"href":"https:\/\/ludwigforum.de\/en\/wp-json\/wp\/v2\/tribe_events"}],"about":[{"href":"https:\/\/ludwigforum.de\/en\/wp-json\/wp\/v2\/types\/tribe_events"}],"author":[{"embeddable":true,"href":"https:\/\/ludwigforum.de\/en\/wp-json\/wp\/v2\/users\/17"}],"version-history":[{"count":7,"href":"https:\/\/ludwigforum.de\/en\/wp-json\/wp\/v2\/tribe_events\/38442\/revisions"}],"predecessor-version":[{"id":38455,"href":"https:\/\/ludwigforum.de\/en\/wp-json\/wp\/v2\/tribe_events\/38442\/revisions\/38455"}],"wp:attachment":[{"href":"https:\/\/ludwigforum.de\/en\/wp-json\/wp\/v2\/media?parent=38442"}],"wp:term":[{"taxonomy":"post_tag","embeddable":true,"href":"https:\/\/ludwigforum.de\/en\/wp-json\/wp\/v2\/tags?post=38442"},{"taxonomy":"tribe_events_cat","embeddable":true,"href":"https:\/\/ludwigforum.de\/en\/wp-json\/wp\/v2\/tribe_events_cat?post=38442"}],"curies":[{"name":"wp","href":"https:\/\/api.w.org\/{rel}","templated":true}]}}

Matinée with Conversation and Book Release

<div data-elementor-type="wp-post" data-elementor-id="38442" class="elementor elementor-38442" data-elementor-post-type="tribe_events">
						<section class="elementor-section elementor-top-section elementor-element elementor-element-6527dc1 elementor-section-boxed elementor-section-height-default elementor-section-height-default" data-id="6527dc1" data-element_type="section" data-e-type="section">
						<div class="elementor-container elementor-column-gap-default">
					<div class="elementor-column elementor-col-100 elementor-top-column elementor-element elementor-element-3369c60" data-id="3369c60" data-element_type="column" data-e-type="column">
			<div class="elementor-widget-wrap elementor-element-populated">
						<div class="elementor-element elementor-element-0d1e4fa elementor-widget elementor-widget-text-editor" data-id="0d1e4fa" data-element_type="widget" data-e-type="widget" data-widget_type="text-editor.default">
				<div class="elementor-widget-container">
									<p>We cordially invite you a matinée with a conversation and book release with the artist and the co-curators.</p><p><em><strong>Katalin Ladik. Ooooooooo-pus</strong><br />A </em>monograph published by Skira Editore, Milan, accompanies the exhibition. The publication comprises contributions by Pierre Bal-Blanc, Diedrich Diederichsen, Hendrik Folkerts, Irena Haiduk, Fanny Hauser, Ana Janevski, Emese Kürti, Katalin Ladik, Quinn Latimer, Bhavisha Panchia, Dieter Roelstraete, Gloria Sutton, Sarah Johanna Theurer, Paolo Thorsen-Nagel, and Mónica de la Torre as well as a director’s foreword by Eva Birkenstock, Grażyna Kulczyk, Andrea Lissoni and Gitte Ørskou. The publication is co-produced by Haus der Kunst München, Moderna Museet, Stockholm, Ludwig Forum Aachen, and Muzeum Susch, with support from acb gallery, Budapest and Kontakt Collection, Vienna.<br /><a href="https://ludwigforum.de/en/museum/publications/">More information</a></p>								</div>
				</div>
					</div>
		</div>
					</div>
		</section>
				<section class="elementor-section elementor-top-section elementor-element elementor-element-78ec186 elementor-section-boxed elementor-section-height-default elementor-section-height-default" data-id="78ec186" data-element_type="section" data-e-type="section">
						<div class="elementor-container elementor-column-gap-default">
					<div class="elementor-column elementor-col-100 elementor-top-column elementor-element elementor-element-973e33d" data-id="973e33d" data-element_type="column" data-e-type="column">
			<div class="elementor-widget-wrap elementor-element-populated">
							</div>
		</div>
					</div>
		</section>
				</div>

<p>We cordially invite you a matinée with a conversation and book release with the artist and the co-curators. Katalin Ladik. Ooooooooo-pusA monograph published by Skira Editore, Milan, accompanies the exhibition. [&hellip;]</p>
