{"id":41214,"date":"2024-01-05T09:56:58","date_gmt":"2024-01-05T08:56:58","guid":{"rendered":"https:\/\/ludwigforum.de\/?post_type=tribe_events&#038;p=41214"},"modified":"2024-01-25T12:38:16","modified_gmt":"2024-01-25T11:38:16","slug":"forum-literatur-der-uebergriff-reading-with-ursula-krechel","status":"publish","type":"tribe_events","link":"https:\/\/ludwigforum.de\/en\/event\/forum-literatur-der-uebergriff-reading-with-ursula-krechel\/","title":{"rendered":"Forum Literatur: Der \u00dcbergriff. Reading with Ursula Krechel"},"content":{"rendered":"\t\t<div data-elementor-type=\"wp-post\" data-elementor-id=\"41214\" class=\"elementor elementor-41214\" data-elementor-post-type=\"tribe_events\">\n\t\t\t\t\t\t<section class=\"elementor-section elementor-top-section elementor-element elementor-element-9e2f990 elementor-section-boxed elementor-section-height-default elementor-section-height-default\" data-id=\"9e2f990\" data-element_type=\"section\" data-e-type=\"section\">\n\t\t\t\t\t\t<div class=\"elementor-container elementor-column-gap-default\">\n\t\t\t\t\t<div class=\"elementor-column elementor-col-100 elementor-top-column elementor-element elementor-element-9e8f504\" data-id=\"9e8f504\" data-element_type=\"column\" data-e-type=\"column\">\n\t\t\t<div class=\"elementor-widget-wrap elementor-element-populated\">\n\t\t\t\t\t\t<div class=\"elementor-element elementor-element-2cac07e elementor-widget elementor-widget-text-editor\" data-id=\"2cac07e\" data-element_type=\"widget\" data-e-type=\"widget\" data-widget_type=\"text-editor.default\">\n\t\t\t\t<div class=\"elementor-widget-container\">\n\t\t\t\t\t\t\t\t\t<p><strong>FORUM LITERATUR:<em> Der \u00dcbergriff.<\/em><\/strong><br \/><strong>Reading with Ursula Krechel<\/strong><br \/><strong>Welcome, moderation: Eva Birkenstock and Hermann M\u00fcller <\/strong><br \/><strong>Thursday, February 1, 2024, 7 pm, Space<\/strong><\/p><p>Admission: 10 Euro \/ 7 Euro (incl. VAT, plus pre-sale charge) <br \/>Box office in the museum and <strong><span style=\"text-decoration: underline\"><a href=\"https:\/\/www.reservix.de\/tickets-der-uebergriff-lesung-ursula-krechel-in-aachen-ludwig-forum-aachen-mulde-am-1-2-2024\/e2220714\">presale via Reservix\u2191<\/a><\/span><\/strong><br \/>In German<\/p><p>Ursula Krechel will read from her story <em>Der \u00dcbergriff<\/em> [\u201cThe Assault\u201d], written in 2001 and reissued by the publisher Verlag Jung und Jung in 2022. The reading will be combined with the radio drama <em>Meine Stimme ist mit den Fischen geschwommen<\/em> [\u201cMy voice swam with the fish\u201d], produced by SWR in 2004, which was developed based on motifs in Ursula Krechel\u2019s story. The actress Angela Winkler will play the protagonist.<\/p><p>\u201cA woman starts speaking. Her lips are quite dry and cracked\u2014that\u2019s how often she\u2019s been cut off. But how does she get away from this intimidation? By opening her mouth only to eat, kiss and marvel? Then again: isn\u2019t it precisely silence that gives the voice the space that shuts it up? People have kept silent too often\u2014including back then, when the entire house heard how the girls next door were beaten. Have we unlearned our own language because everyone has forgotten how to listen? Like a reporter who no longer listens when he reports on the war\u2014he has any distress that tightly under control.\u201d<\/p>\t\t\t\t\t\t\t\t<\/div>\n\t\t\t\t<\/div>\n\t\t\t\t\t<\/div>\n\t\t<\/div>\n\t\t\t\t\t<\/div>\n\t\t<\/section>\n\t\t\t\t<section class=\"elementor-section elementor-top-section elementor-element elementor-element-773c257 elementor-section-boxed elementor-section-height-default elementor-section-height-default\" data-id=\"773c257\" data-element_type=\"section\" data-e-type=\"section\">\n\t\t\t\t\t\t<div class=\"elementor-container elementor-column-gap-default\">\n\t\t\t\t\t<div class=\"elementor-column elementor-col-33 elementor-top-column elementor-element elementor-element-9a57ab8\" data-id=\"9a57ab8\" data-element_type=\"column\" data-e-type=\"column\">\n\t\t\t<div class=\"elementor-widget-wrap elementor-element-populated\">\n\t\t\t\t\t\t<div class=\"elementor-element elementor-element-61354c7 elementor-widget elementor-widget-image\" data-id=\"61354c7\" data-element_type=\"widget\" data-e-type=\"widget\" data-widget_type=\"image.default\">\n\t\t\t\t<div class=\"elementor-widget-container\">\n\t\t\t\t\t\t\t\t\t\t\t\t<figure class=\"wp-caption\">\n\t\t\t\t\t\t\t\t\t\t<img fetchpriority=\"high\" decoding=\"async\" width=\"681\" height=\"1024\" src=\"https:\/\/ludwigforum.de\/wp-content\/uploads\/2024\/01\/Ursula-Krechel-Heike_Steinweg-681x1024.jpg\" class=\"attachment-large size-large wp-image-41527\" alt=\"\" srcset=\"https:\/\/ludwigforum.de\/wp-content\/uploads\/2024\/01\/Ursula-Krechel-Heike_Steinweg-681x1024.jpg 681w, https:\/\/ludwigforum.de\/wp-content\/uploads\/2024\/01\/Ursula-Krechel-Heike_Steinweg-200x300.jpg 200w, https:\/\/ludwigforum.de\/wp-content\/uploads\/2024\/01\/Ursula-Krechel-Heike_Steinweg-768x1154.jpg 768w, https:\/\/ludwigforum.de\/wp-content\/uploads\/2024\/01\/Ursula-Krechel-Heike_Steinweg-1022x1536.jpg 1022w, https:\/\/ludwigforum.de\/wp-content\/uploads\/2024\/01\/Ursula-Krechel-Heike_Steinweg-1363x2048.jpg 1363w, https:\/\/ludwigforum.de\/wp-content\/uploads\/2024\/01\/Ursula-Krechel-Heike_Steinweg-scaled.jpg 1384w\" sizes=\"(max-width: 681px) 100vw, 681px\" title=\"Veroeffentlichung_Honorarpflichtig__\" \/>\t\t\t\t\t\t\t\t\t\t\t<figcaption class=\"widget-image-caption wp-caption-text\">Photo: Heike Steinweg.<\/figcaption>\n\t\t\t\t\t\t\t\t\t\t<\/figure>\n\t\t\t\t\t\t\t\t\t<\/div>\n\t\t\t\t<\/div>\n\t\t\t\t\t<\/div>\n\t\t<\/div>\n\t\t\t\t<div class=\"elementor-column elementor-col-66 elementor-top-column elementor-element elementor-element-4e5a35f\" data-id=\"4e5a35f\" data-element_type=\"column\" data-e-type=\"column\">\n\t\t\t<div class=\"elementor-widget-wrap elementor-element-populated\">\n\t\t\t\t\t\t<div class=\"elementor-element elementor-element-29e4745 elementor-widget elementor-widget-text-editor\" data-id=\"29e4745\" data-element_type=\"widget\" data-e-type=\"widget\" data-widget_type=\"text-editor.default\">\n\t\t\t\t<div class=\"elementor-widget-container\">\n\t\t\t\t\t\t\t\t\t<p><strong>Ursula Krechel<\/strong>, born in Trier in 1947, studied German philology, theatre studies, and art history. Teaching positions at various universities. First publications of poetry in 1977; followed by poetry collections, prose, radio dramas and essays. Ursula Krechel received the \u201cJoseph Breitbach Preis\u201d in 2009; in 2012, she was awarded the German Book Prize for her novel <em>Landgericht <\/em>[State Justice]. Ursula Krechel is a member of the German Academy for Language and Literature, the Academy of Arts, Berlin and the Academy of Sciences and Literature, Mainz. She lives in Berlin. Her most recent publications include <em>Beileibe und zumute<\/em>, poems, 2021; <em>Gehen. <\/em>Tr\u00e4umen. Sehen. Unter B\u00e4umen, essays, 2022; and the reissue of the story Der \u00dcbergriff, 2022.<\/p>\t\t\t\t\t\t\t\t<\/div>\n\t\t\t\t<\/div>\n\t\t\t\t\t<\/div>\n\t\t<\/div>\n\t\t\t\t\t<\/div>\n\t\t<\/section>\n\t\t\t\t<section class=\"elementor-section elementor-top-section elementor-element elementor-element-ee7afcd elementor-section-boxed elementor-section-height-default elementor-section-height-default\" data-id=\"ee7afcd\" data-element_type=\"section\" data-e-type=\"section\">\n\t\t\t\t\t\t<div class=\"elementor-container elementor-column-gap-default\">\n\t\t\t\t\t<div class=\"elementor-column elementor-col-100 elementor-top-column elementor-element elementor-element-d028132\" data-id=\"d028132\" data-element_type=\"column\" data-e-type=\"column\">\n\t\t\t<div class=\"elementor-widget-wrap elementor-element-populated\">\n\t\t\t\t\t\t<div class=\"elementor-element elementor-element-6d8e1cf elementor-widget elementor-widget-text-editor\" data-id=\"6d8e1cf\" data-element_type=\"widget\" data-e-type=\"widget\" data-widget_type=\"text-editor.default\">\n\t\t\t\t<div class=\"elementor-widget-container\">\n\t\t\t\t\t\t\t\t\t<p>The evening is part of a new series of events at the Ludwig Forum: the FORUM LITERATUR. In addition to the museum&#8217;s numerous activities in the fields of performance, dance, music and film, the FORUM LITERATUR introduces an explicitly literary constant to the program of the Ludwig Forum Aachen. International authors are invited in regular intervals to share their work with a broad public in the context of readings, performances, workshops, and conversations. Following Ursula Krechel on April 25, 2024 Dino Pe\u0161ut will read from his internationally acclaimed debut novel <em>DADDY ISSUES<\/em> and a reading from <em>Karl May<\/em> with Enis Maci and Mazlum Nergiy follows on June 6, 2024. Further events will be announced in due course. The 2024 edition of FORUM LITERATUR was conceived in close dialogue between Eva Birkenstock (Director, Ludwig Forum Aachen) and Hermann M\u00fcller (Literary Curator, Berlin) and has been generously supported by the Kunststiftung NRW. Subsequent dates in the newly established series FORUM LITERATUR are: <strong>FORUM LITERATUR:<em> Daddy Issues<\/em><\/strong> <strong>with Dino Pe\u0161ut<\/strong> (25.4., 7 pm, reading in German, conversation in English); <strong>FORUM LITERATUR:<em> Karl May <\/em><\/strong>w<strong>ith Enis Maci &amp; Mazlum Nergiz <\/strong>(6.6., 7 pm, in German). Further dates will be announced in due course.<\/p>\t\t\t\t\t\t\t\t<\/div>\n\t\t\t\t<\/div>\n\t\t\t\t\t<\/div>\n\t\t<\/div>\n\t\t\t\t\t<\/div>\n\t\t<\/section>\n\t\t\t\t<section class=\"elementor-section elementor-top-section elementor-element elementor-element-476ac87 elementor-section-boxed elementor-section-height-default elementor-section-height-default\" data-id=\"476ac87\" data-element_type=\"section\" data-e-type=\"section\">\n\t\t\t\t\t\t<div class=\"elementor-container elementor-column-gap-default\">\n\t\t\t\t\t<div class=\"elementor-column elementor-col-100 elementor-top-column elementor-element elementor-element-273885d\" data-id=\"273885d\" data-element_type=\"column\" data-e-type=\"column\">\n\t\t\t<div class=\"elementor-widget-wrap elementor-element-populated\">\n\t\t\t\t\t\t<div class=\"elementor-element elementor-element-8eff545 elementor-widget elementor-widget-image\" data-id=\"8eff545\" data-element_type=\"widget\" data-e-type=\"widget\" data-widget_type=\"image.default\">\n\t\t\t\t<div class=\"elementor-widget-container\">\n\t\t\t\t\t\t\t\t\t\t\t\t\t\t\t<img decoding=\"async\" width=\"1024\" height=\"170\" src=\"https:\/\/ludwigforum.de\/wp-content\/uploads\/2024\/01\/logos_ForumLiteratur-1024x170.png\" class=\"attachment-large size-large wp-image-41135\" alt=\"\" srcset=\"https:\/\/ludwigforum.de\/wp-content\/uploads\/2024\/01\/logos_ForumLiteratur-1024x170.png 1024w, https:\/\/ludwigforum.de\/wp-content\/uploads\/2024\/01\/logos_ForumLiteratur-300x50.png 300w, https:\/\/ludwigforum.de\/wp-content\/uploads\/2024\/01\/logos_ForumLiteratur-768x128.png 768w, https:\/\/ludwigforum.de\/wp-content\/uploads\/2024\/01\/logos_ForumLiteratur-1536x255.png 1536w, https:\/\/ludwigforum.de\/wp-content\/uploads\/2024\/01\/logos_ForumLiteratur.png 1950w\" sizes=\"(max-width: 1024px) 100vw, 1024px\" title=\"\" \/>\t\t\t\t\t\t\t\t\t\t\t\t\t\t\t<\/div>\n\t\t\t\t<\/div>\n\t\t\t\t\t<\/div>\n\t\t<\/div>\n\t\t\t\t\t<\/div>\n\t\t<\/section>\n\t\t\t\t<\/div>\n\t\t","protected":false},"excerpt":{"rendered":"<p>FORUM LITERATUR: Der \u00dcbergriff. Reading with Ursula Krechel Welcome, moderation: Eva Birkenstock and Hermann M\u00fcller Thursday, February 1, 2024, 7 pm, Space Admission: 10 Euro \/ 7 Euro (incl. VAT, [&hellip;]<\/p>\n","protected":false},"author":17,"featured_media":41639,"template":"","meta":{"_acf_changed":false,"_lmt_disableupdate":"no","_lmt_disable":"","_tribe_events_status":"","_tribe_events_status_reason":"","footnotes":""},"tags":[],"tribe_events_cat":[16],"class_list":["post-41214","tribe_events","type-tribe_events","status-publish","has-post-thumbnail","hentry","tribe_events_cat-event","cat_event"],"acf":[],"_links":{"self":[{"href":"https:\/\/ludwigforum.de\/en\/wp-json\/wp\/v2\/tribe_events\/41214","targetHints":{"allow":["GET"]}}],"collection":[{"href":"https:\/\/ludwigforum.de\/en\/wp-json\/wp\/v2\/tribe_events"}],"about":[{"href":"https:\/\/ludwigforum.de\/en\/wp-json\/wp\/v2\/types\/tribe_events"}],"author":[{"embeddable":true,"href":"https:\/\/ludwigforum.de\/en\/wp-json\/wp\/v2\/users\/17"}],"version-history":[{"count":23,"href":"https:\/\/ludwigforum.de\/en\/wp-json\/wp\/v2\/tribe_events\/41214\/revisions"}],"predecessor-version":[{"id":41657,"href":"https:\/\/ludwigforum.de\/en\/wp-json\/wp\/v2\/tribe_events\/41214\/revisions\/41657"}],"wp:featuredmedia":[{"embeddable":true,"href":"https:\/\/ludwigforum.de\/en\/wp-json\/wp\/v2\/media\/41639"}],"wp:attachment":[{"href":"https:\/\/ludwigforum.de\/en\/wp-json\/wp\/v2\/media?parent=41214"}],"wp:term":[{"taxonomy":"post_tag","embeddable":true,"href":"https:\/\/ludwigforum.de\/en\/wp-json\/wp\/v2\/tags?post=41214"},{"taxonomy":"tribe_events_cat","embeddable":true,"href":"https:\/\/ludwigforum.de\/en\/wp-json\/wp\/v2\/tribe_events_cat?post=41214"}],"curies":[{"name":"wp","href":"https:\/\/api.w.org\/{rel}","templated":true}]}}

Forum Literatur: Der Übergriff. Reading with Ursula Krechel

<div data-elementor-type="wp-post" data-elementor-id="41214" class="elementor elementor-41214" data-elementor-post-type="tribe_events">
						<section class="elementor-section elementor-top-section elementor-element elementor-element-9e2f990 elementor-section-boxed elementor-section-height-default elementor-section-height-default" data-id="9e2f990" data-element_type="section" data-e-type="section">
						<div class="elementor-container elementor-column-gap-default">
					<div class="elementor-column elementor-col-100 elementor-top-column elementor-element elementor-element-9e8f504" data-id="9e8f504" data-element_type="column" data-e-type="column">
			<div class="elementor-widget-wrap elementor-element-populated">
						<div class="elementor-element elementor-element-2cac07e elementor-widget elementor-widget-text-editor" data-id="2cac07e" data-element_type="widget" data-e-type="widget" data-widget_type="text-editor.default">
				<div class="elementor-widget-container">
									<p><strong>FORUM LITERATUR:<em> Der Übergriff.</em></strong><br /><strong>Reading with Ursula Krechel</strong><br /><strong>Welcome, moderation: Eva Birkenstock and Hermann Müller </strong><br /><strong>Thursday, February 1, 2024, 7 pm, Space</strong></p><p>Admission: 10 Euro / 7 Euro (incl. VAT, plus pre-sale charge) <br />Box office in the museum and <strong><span style="text-decoration: underline"><a href="https://www.reservix.de/tickets-der-uebergriff-lesung-ursula-krechel-in-aachen-ludwig-forum-aachen-mulde-am-1-2-2024/e2220714">presale via Reservix↑</a></span></strong><br />In German</p><p>Ursula Krechel will read from her story <em>Der Übergriff</em> [“The Assault”], written in 2001 and reissued by the publisher Verlag Jung und Jung in 2022. The reading will be combined with the radio drama <em>Meine Stimme ist mit den Fischen geschwommen</em> [“My voice swam with the fish”], produced by SWR in 2004, which was developed based on motifs in Ursula Krechel’s story. The actress Angela Winkler will play the protagonist.</p><p>“A woman starts speaking. Her lips are quite dry and cracked—that’s how often she’s been cut off. But how does she get away from this intimidation? By opening her mouth only to eat, kiss and marvel? Then again: isn’t it precisely silence that gives the voice the space that shuts it up? People have kept silent too often—including back then, when the entire house heard how the girls next door were beaten. Have we unlearned our own language because everyone has forgotten how to listen? Like a reporter who no longer listens when he reports on the war—he has any distress that tightly under control.”</p>								</div>
				</div>
					</div>
		</div>
					</div>
		</section>
				<section class="elementor-section elementor-top-section elementor-element elementor-element-773c257 elementor-section-boxed elementor-section-height-default elementor-section-height-default" data-id="773c257" data-element_type="section" data-e-type="section">
						<div class="elementor-container elementor-column-gap-default">
					<div class="elementor-column elementor-col-33 elementor-top-column elementor-element elementor-element-9a57ab8" data-id="9a57ab8" data-element_type="column" data-e-type="column">
			<div class="elementor-widget-wrap elementor-element-populated">
						<div class="elementor-element elementor-element-61354c7 elementor-widget elementor-widget-image" data-id="61354c7" data-element_type="widget" data-e-type="widget" data-widget_type="image.default">
				<div class="elementor-widget-container">
												<figure class="wp-caption">
										<img fetchpriority="high" decoding="async" width="681" height="1024" src="https://ludwigforum.de/wp-content/uploads/2024/01/Ursula-Krechel-Heike_Steinweg-681x1024.jpg" class="attachment-large size-large wp-image-41527" alt="" srcset="https://ludwigforum.de/wp-content/uploads/2024/01/Ursula-Krechel-Heike_Steinweg-681x1024.jpg 681w, https://ludwigforum.de/wp-content/uploads/2024/01/Ursula-Krechel-Heike_Steinweg-200x300.jpg 200w, https://ludwigforum.de/wp-content/uploads/2024/01/Ursula-Krechel-Heike_Steinweg-768x1154.jpg 768w, https://ludwigforum.de/wp-content/uploads/2024/01/Ursula-Krechel-Heike_Steinweg-1022x1536.jpg 1022w, https://ludwigforum.de/wp-content/uploads/2024/01/Ursula-Krechel-Heike_Steinweg-1363x2048.jpg 1363w, https://ludwigforum.de/wp-content/uploads/2024/01/Ursula-Krechel-Heike_Steinweg-scaled.jpg 1384w" sizes="(max-width: 681px) 100vw, 681px" title="Veroeffentlichung_Honorarpflichtig__" />											<figcaption class="widget-image-caption wp-caption-text">Photo: Heike Steinweg.</figcaption>
										</figure>
									</div>
				</div>
					</div>
		</div>
				<div class="elementor-column elementor-col-66 elementor-top-column elementor-element elementor-element-4e5a35f" data-id="4e5a35f" data-element_type="column" data-e-type="column">
			<div class="elementor-widget-wrap elementor-element-populated">
						<div class="elementor-element elementor-element-29e4745 elementor-widget elementor-widget-text-editor" data-id="29e4745" data-element_type="widget" data-e-type="widget" data-widget_type="text-editor.default">
				<div class="elementor-widget-container">
									<p><strong>Ursula Krechel</strong>, born in Trier in 1947, studied German philology, theatre studies, and art history. Teaching positions at various universities. First publications of poetry in 1977; followed by poetry collections, prose, radio dramas and essays. Ursula Krechel received the “Joseph Breitbach Preis” in 2009; in 2012, she was awarded the German Book Prize for her novel <em>Landgericht </em>[State Justice]. Ursula Krechel is a member of the German Academy for Language and Literature, the Academy of Arts, Berlin and the Academy of Sciences and Literature, Mainz. She lives in Berlin. Her most recent publications include <em>Beileibe und zumute</em>, poems, 2021; <em>Gehen. </em>Träumen. Sehen. Unter Bäumen, essays, 2022; and the reissue of the story Der Übergriff, 2022.</p>								</div>
				</div>
					</div>
		</div>
					</div>
		</section>
				<section class="elementor-section elementor-top-section elementor-element elementor-element-ee7afcd elementor-section-boxed elementor-section-height-default elementor-section-height-default" data-id="ee7afcd" data-element_type="section" data-e-type="section">
						<div class="elementor-container elementor-column-gap-default">
					<div class="elementor-column elementor-col-100 elementor-top-column elementor-element elementor-element-d028132" data-id="d028132" data-element_type="column" data-e-type="column">
			<div class="elementor-widget-wrap elementor-element-populated">
						<div class="elementor-element elementor-element-6d8e1cf elementor-widget elementor-widget-text-editor" data-id="6d8e1cf" data-element_type="widget" data-e-type="widget" data-widget_type="text-editor.default">
				<div class="elementor-widget-container">
									<p>The evening is part of a new series of events at the Ludwig Forum: the FORUM LITERATUR. In addition to the museum&#8217;s numerous activities in the fields of performance, dance, music and film, the FORUM LITERATUR introduces an explicitly literary constant to the program of the Ludwig Forum Aachen. International authors are invited in regular intervals to share their work with a broad public in the context of readings, performances, workshops, and conversations. Following Ursula Krechel on April 25, 2024 Dino Pešut will read from his internationally acclaimed debut novel <em>DADDY ISSUES</em> and a reading from <em>Karl May</em> with Enis Maci and Mazlum Nergiy follows on June 6, 2024. Further events will be announced in due course. The 2024 edition of FORUM LITERATUR was conceived in close dialogue between Eva Birkenstock (Director, Ludwig Forum Aachen) and Hermann Müller (Literary Curator, Berlin) and has been generously supported by the Kunststiftung NRW. Subsequent dates in the newly established series FORUM LITERATUR are: <strong>FORUM LITERATUR:<em> Daddy Issues</em></strong> <strong>with Dino Pešut</strong> (25.4., 7 pm, reading in German, conversation in English); <strong>FORUM LITERATUR:<em> Karl May </em></strong>w<strong>ith Enis Maci &amp; Mazlum Nergiz </strong>(6.6., 7 pm, in German). Further dates will be announced in due course.</p>								</div>
				</div>
					</div>
		</div>
					</div>
		</section>
				<section class="elementor-section elementor-top-section elementor-element elementor-element-476ac87 elementor-section-boxed elementor-section-height-default elementor-section-height-default" data-id="476ac87" data-element_type="section" data-e-type="section">
						<div class="elementor-container elementor-column-gap-default">
					<div class="elementor-column elementor-col-100 elementor-top-column elementor-element elementor-element-273885d" data-id="273885d" data-element_type="column" data-e-type="column">
			<div class="elementor-widget-wrap elementor-element-populated">
						<div class="elementor-element elementor-element-8eff545 elementor-widget elementor-widget-image" data-id="8eff545" data-element_type="widget" data-e-type="widget" data-widget_type="image.default">
				<div class="elementor-widget-container">
															<img decoding="async" width="1024" height="170" src="https://ludwigforum.de/wp-content/uploads/2024/01/logos_ForumLiteratur-1024x170.png" class="attachment-large size-large wp-image-41135" alt="" srcset="https://ludwigforum.de/wp-content/uploads/2024/01/logos_ForumLiteratur-1024x170.png 1024w, https://ludwigforum.de/wp-content/uploads/2024/01/logos_ForumLiteratur-300x50.png 300w, https://ludwigforum.de/wp-content/uploads/2024/01/logos_ForumLiteratur-768x128.png 768w, https://ludwigforum.de/wp-content/uploads/2024/01/logos_ForumLiteratur-1536x255.png 1536w, https://ludwigforum.de/wp-content/uploads/2024/01/logos_ForumLiteratur.png 1950w" sizes="(max-width: 1024px) 100vw, 1024px" title="" />															</div>
				</div>
					</div>
		</div>
					</div>
		</section>
				</div>

<p>FORUM LITERATUR: Der Übergriff. Reading with Ursula Krechel Welcome, moderation: Eva Birkenstock and Hermann Müller Thursday, February 1, 2024, 7 pm, Space Admission: 10 Euro / 7 Euro (incl. VAT, [&hellip;]</p>
